
-13
(16 - ((5 - 15) + 17)) + -2 + -3
4
What is 28 + -61 + 25 + 18?
10
What is -445 + 421 - (4 - 7)?
-21
Evaluate -5 + (-3 - (-2 + (-1 - 4))).
-1
Calculate -6 + 112 + -105 + -10 + -1.
-10
What is -4 + 12 + 5 - (8 - 7) - 0?
12
Calculate 7 - (-15 - (5 + -1 + -10)).
16
(-1 - (3 - -3)) + 4 + (8 - 4)
1
What is the value of (31 - 30) + (-8 + 5 - 3) + 11?
6
-16 + -1 + -1 - (20 + (35 - 53))
-20
(4 - 6) + (-3 + -6 - -2 - -31)
22
What is 19 + (4 - 17) + -10?
-4
-9 + (6 - ((7 + -5 - -2) + -3))
-4
-44 - -1 - ((-50 - -13) + 23 - -7)
-36
Calculate 122 - 116 - (3 + -4 + 2 + -20).
25
Calculate -106 + 78 - (-25 + -3).
0
What is the value of 40 - 5 - (30 + -1)?
6
What is the value of 15 + (8 - 0) + -26?
-3
Calculate 14 - (-3 - -9 - -2).
6
What is the value of 423 + -416 - (7 - -4)?
-4
What is the value of 7 + -1 - 5 - (2 - -1)?
-2
What is 1 + 2 - (-2 - (-8 - (3 - 10)))?
4
Calculate (26 + 1 - (-67 + 70)) + 2 + -10.
16
What is 0 + (0 - (-3 - 0)) + -26 + 10?
-13
What is 4 + 0 + (-38 - (-12 - 11)) + 12?
1
What is the value of (-70 - (-13 - 12)) + 39?
-6
Evaluate 0 + (11 - 2) + -6 + 6.
9
35 - (2 - -21 - -2)
10
What is the value of (10 - -1) + (-417 - -415)?
9
Evaluate (5 - (13 - 13) - (0 + 10)) + -1.
-6
24 - (21 + -1 + 2)
2
(-13 - -28) + (20 - 0) + (-9 - 1)
25
Calculate 32 + (-6 - (-1 - -5 - (7 - 6))).
23
-4 + -14 + 32 + -28 + (-1 - -1)
-14
Calculate 8 + 2 + -9 + -8 - -3 - 4.
-8
32 + -31 + (-14 - (-8 - -3))
-8
What is 4 + -2 + (4 - -2 - 2)?
6
Calculate (-2 - -3) + 2 + 44 + -27.
20
Evaluate (-6 - ((1 - 12) + -1)) + -20.
-14
Evaluate 16 + -14 + 9 + -5.
6
What is the value of -13 + (1 - 4) - -15?
-1
Evaluate 19 + (-9 - (2 + -10 + -5)).
23
What is -1 + -1 + -1 + 11 + -20 - -5?
-7
What is 6 - (-124 + 113 - (3 - 2 - 9))?
9
Calculate (-4 - -6) + -11 + -2 + 7 + 3.
-1
What is -126 + 125 + 2 + 0 + -2?
-1
What is 1 + (-34 - -21) - (-29 - -1) - 1?
15
What is the value of 31 - (-17 + 39) - -5?
14
What is the value of 33 + -29 + 17 - 1?
20
Evaluate (-5 + 2 - 0) + (106 - 113) - 5.
-15
3 - (7 + (-19 - -7))
8
What is 18 + -11 + -11 - (-3 - 0 - -5)?
-6
Evaluate 6 - (-14 + 1 - (-29 + 28)).
18
Evaluate 6 + ((6 - 1) + -7 - -5) + -23.
-14
Evaluate (-23 - -20) + -15 - -19.
1
Calculate -2 - 8 - (8 - (-5 - -16)).
-7
Calculate 3 + -14 - (10 - (64 - (8 + -3))).
38
What is (32 - 26) + 0 + (2 - 39)?
-31
Evaluate (-10 - -10) + 15 + -5 + -6.
4
Calculate 5 + (12 - -2 - (2 + 7)).
10
Evaluate 14 + -3 - 1 - (-19 + 20 + 2).
7
Evaluate 3 - (32 - (-2 - -17)).
-14
What is the value of -3 - -31 - (-162 - -181) - (0 - 1)?
10
(4 - (-5 - -10) - 5) + 1 + 0
-5
What is -1 + 0 + -4 + 28 + (-62 - -33)?
-6
What is the value of (-21 - (-93 + 29)) + -21?
22
What is 834 + -830 + -30 + -2?
-28
What is the value of 12 - (10 - 10 - 1) - 20?
-7
What is -166 + 178 + -1 + (2 - (3 - -2))?
8
-8 + (-7 - -10 - 6 - -19)
8
What is the value of 7 + (5 - (-4 + -2 + 5)) + -12?
1
What is -11 - -2 - ((-3 - -11) + -20)?
3
What is the value of -637 + 642 - (0 + 2 - 18)?
21
What is the value of (-1 - 5) + 67 + -57 - 4 - 19?
-19
-3 - -1 - (-5 + -15 + 18)
0
What is -9 - (1 + 2 + (-72 - -76))?
-16
What is 6 + (-11 - -16) - 1 - (0 + -6)?
16
What is (8 - (-7 + (-9 - -15))) + (-1 - 2)?
6
What is the value of 0 + 10 + 1 + (-2 - 5)?
4
What is -5 - -11 - (78 + -50) - (4 - 1)?
-25
Evaluate -1 - ((2 - (-1 + 4)) + -13 + 12).
1
What is the value of 21 + (-16 - 33) - -26?
-2
Evaluate -16 + (-9 + 18 - -7) - (0 - 11).
11
-1 + (-6 - 2) - (119 - 109)
-19
Evaluate -10 + (0 - (3 - 0)).
-13
Calculate -459 + 457 + -15 + -1.
-18
Calculate 11 + 2 + -1 + 1 - (-1632 - -1627).
18
What is -3 - -1 - (-106 - -116)?
-12
What is 11 - -4 - (-9 - 6)?
30
What is the value of (6 - -13) + (-17 - 10)?
-8
What is the value of (-11 - (-15 - -7)) + (18 - (-1 + -2))?
18
Calculate (-13 - (16 + -43)) + -34.
-20
Evaluate (-10 - -11) + 3 - (-1 + 1) - 9.
-5
Calculate -326 - -305 - (0 - 2).
-19
-8 - -2 - 5 - (1 + 4)
-16
(-52 + 16 - -1) + 54
19
Evaluate -36 + (39 - 9) + -13.
-19
9 + -19 + (18 - 14)
-6
(43 - 51) + (1 - (-2 + -4))
-1
1 - 0 - (-4 - 2) - (68 + -45)
-16
Evaluate (1 + -10 - -2) + 5.
-2
-15 + 33 + -2 + (5 - 4)
17
What is (-10 - (6 + -6 + -3)) + -2 - 6?
-15
Evaluate -19 - (12 - (56 - 12)).
13
What is the value of -4 + -14 + 3 + (-210 - -200)?
-25
(-1 - 3) + (26 - 16 - -13)
19
What is the value of (-15 - (-5 - -1)) + 3 + 11 + 5?
8
-22 - (-329 + 339 - (-1 - -13))
-20
Evaluate 324 + -360 - (-3 + -23).
-10
Calculate (2 - 7) + (-3 + 24 - 19).
-3
-1 + (1 + -6 - 1 - -11) - 13
-9
Evaluate -167 - -143 - (1 + 2).
-27
What is the value of -55 - -31 - (6 + -6 + -10)?
-14
What is 1 + (-2 - -6) + (10 - 9) + -8?
-2
15 - (-7 - (-5 + -10))
7
Calculate 76 + -73 - (-1 - 0).
4
What is 0 + -6 + 7 - 4?
-3
-1 + -9 - (20 - (31 + -10))
-9
What is the value of -1 + 5 + (4 - (-10 - (-36 - -1)))?
-17
What is 0 + 4 + (-3 - (-7 - -8))?
0
Evaluate -10 + (17 - (-3 + (7 - 10))).
13
What is 6 + (-2 - (-8 - -12)) - 3?
-3
What is 43 - ((-19 - (18 + -34)) + 19)?
27
What is 9 + (-6 + 7 - -3) + 0?
13
What is -44 + 22 - (-19 + -13)?
10
Evaluate 19 + -1 + (-1 + 2 - (-2 - -6)).
15
-2 + (2 - -4) + (-63 - -55)
-4
What is the value of 1 - 8 - (75 - 89 - (1 - 42))?
-34
Evaluate 1 - ((-8 - -13 - 13) + 3 + 0).
6
Evaluate -14 + (36 - 37 - ((-3 - -6) + -4)).
-14
What is the value of -13 + -1 + -9 + 8 + 3?
-12
What is the value of (0 - -4) + -2 + (-2 - -7) + -15?
-8
What is the value of 43 + -26 + 15 + (-9 - -4)?
27
Evaluate -7 - 14 - ((-29 - -10) + 10).
-12
(83 - 83) + -1 + 35 - 1
33
What is the value of -4 + -21 - -14 - -9?
-2
Evaluate 501 + -521 + (-8 - (-3 - (-3 + 1))).
-27
(-11 - (-5 - 1)) + (15 - 8)
2
What is the value of 13 + -2 + -18 + 8?
1
(1 - 1) + -2 + 3 - (466 + -453)
-12
Evaluate 4 + -2 + (-9 - (4 - 5)).
-6
What is -1 - (2 - (11 - 13))?
-5
What is the value of -14 + 8 + -1 - (-3 + (3 - 3))?
-4
Calculate -13 - (-22 - (3 + -12)) - -12.
12
What is (-8 - (-3 + -6)) + -8 + 15?
8
What is the value of -16 + (12 - 9) - -23?
10
Evaluate 198 + -211 - (-1 - -1).
-13
Evaluate (-2 - -11) + (-1 - (-8 + 3)).
13
What is the value of -3 - ((1 - 11 - -5) + 8)?
-6
Evaluate 2 + 0 + 11 - (-8 - (13 + -23)).
11
Calculate -6 + -12 + (-8 - -22).
-4
Calculate 1 + -12 + (3 - -11).
3
-35 - -27 - -15 - ((-2 - -2) + 30)
-23
What is (17 - (18 + 5)) + -3?
-9
-27 + 1 - (38 - 46)
-18
Evaluate (12 - 5) + -5 + 7 + -12.
-3
Evaluate 11 - (12 - 1 - (-5 + -26 + 50)).
19
(2 - 5 - 11) + 12 - -28
26
-14 + (-9 - -44 - 14)
7
Evaluate 14 - (-3 + (14 - (-3 - -10))).
10
13 + (1 - ((-19 - -53) + 10))
-30
What is the value of (1 - (-2 - 2) - (2 - 0)) + -7?
-4
What is the value of (-11 - 15) + 6 + 12?
-8
What is the value of 1 - (-22 - -14) - (-6 + 3 + 10)?
2
Calculate -1 + 24 + (1404 - 1420).
7
Calculate -5 - 0 - (-34 - -21 - (1 - 5)).
4
What is the value of (-98 - -95) + (0 - (13 - -1))?
-17
-40 + (-34 + 0 - -75)
1
What is the value of 5 + (6 - 8) - -2?
5
What is 1 + 1 + 8 + (26 - 15 - 16)?
5
Calculate 5 + 0 + (-20 + 21 + -16 - -4).
-6
-8 - -6 - (-14 + (2 - 1))
11
Calculate 3 + (-29 - -7) + (3 - 2).
-18
Evaluate 7 + (8 - 14) + (-6 - (-1 + 1)).
-5
1 - -1 - (-8 + 10) - (-24 - -19)
5
5 - (-10 + (-8 + 9 - -8))
6
Evaluate (-1 + 6 + -2 - -3) + -1.
5
Evaluate -831 + 845 + (0 - 18).
-4
What is the value of -4 + -1 - 1 - (-50 - -36)?
8
What is 12 + -9 + 11 + -5 - 0?
9
Evaluate 4 - 0 - (-17 + 13 + -7).
15
Evaluate (10 - 11) + -6 + -7 + 1.
-13
What is the value of (-1 - 1) + -13 + (-4 - -17)?
-2
What is the value of -12 + 6 + -10 + (9 - 4)?
-11
What is the value of 2 + 13 - ((12 - -26) + -18)?
-5
47 + -22 + (-20 - -14)
19
-3 + 4 + (14 - 24)
-9
Evaluate (-11 - (-10 - 3)) + -2.
0
What is (-3 - 0 - (3 + 6 + -8)) + -6?
-10
What is 18 + 2 + 104 + -115?
9
-40 + -18 + (16 - -48)
6
What is the value of 16 + -1 + -2 + -3?
10
What is the value of (6 - 1 - -2) + -6 - -7?
8
-3 + 9 + 2 - (4 - (2 + 0))
6
(47 - 35) + -6 + -10
-4
-11 + (2 - -3) + (-5 - -2 - 0)
-9
Calculate 6 + -9 + -2 - -21 - 4.
12
Evaluate -16 + 25 + -27 + 9.
-9
Evaluate (4 - 4) + (-55 - -56) + (-1 - 0).
0
What is the value of 9 - (-8 + 37 - 15)?
-5
Evaluate -23 + 31 + -4 + 23 + (-6 - 0).
21
-76 + 25 + 47 + (-14 - 0)
-18
What is (1 - 3) + (-19 - (-8 + -8 + -8))?
3
What is (-19 - -27) + (-10 - -7)?
5
Evaluate 0 + 0 - (19 - 40 - -16).
5
Evaluate -5 + 16 - (11 - (-3 + 5) - 2).
4
-9 + -23 + 10 - -46
24
(3 - 2) + 4 + -2